*z + 6054. Determine l(-29).
22
Let f(x) = 4*x**3 + 23*x**2 - 44*x - 222. What is f(-6)?
6
Let p(n) = -512*n + 10232. What is p(20)?
-8
Let p(t) = 11*t - 47. Give p(-23).
-300
Let v(n) = -n**2 - 420*n - 42952. Calculate v(-244).
-8
Let u(i) = 45*i - 426. What is u(12)?
114
Let h(z) = 9*z - 170. Calculate h(15).
-35
Let q(h) = -161*h + 1443. Give q(9).
-6
Let v(i) = 189*i**2 - 1669*i + 4. Give v(9).
292
Let o(c) = c**3 + 9*c**2 + 5*c - 43. Determine o(-4).
17
Let w(a) = 2*a**3 - 7*a**2 + 29*a - 100. What is w(4)?
32
Let s(j) = -19*j - 854. What is s(-37)?
-151
Let l(j) = j**3 + 14*j**2 + 15*j + 33. What is l(-13)?
7
Let g(l) = -l**3 + 119*l**2 - 178*l + 7084. What is g(118)?
4
Let x(j) = -2*j**3 - 156*j**2 + 655*j + 6. Calculate x(4).
2
Let u(c) = -4*c - 27. What is u(-7)?
1
Let w(z) = -17*z**2 + 7*z - 38. What is w(4)?
-282
Let j(r) = -10*r + 7. Give j(29).
-283
Let n(a) = -a**3 + 23*a**2 - 59*a + 61. Calculate n(20).
81
Let f(a) = 2*a**2 + 190*a + 3820. Give f(-29).
-8
Let z(o) = 2*o**3 + 244*o**2 + 1166*o - 15. What is z(-5)?
5
Let j(v) = -5*v**2 - 5*v + 90. What is j(7)?
-190
Let f(d) = -4*d**3 - 7*d**2 - 40*d - 36. What is f(-4)?
268
Let u(k) = -119*k - 125. Determine u(-1).
-6
Let h(f) = -13*f**2 + 1997*f + 2769. Determine h(155).
-21
Let o(f) = -f**3 - 30*f**2 - 12. Determine o(-30).
-12
Let i(l) = -10*l + 36. Determine i(11).
-74
Let b(c) = -c**2 + 26*c - 151. What is b(17)?
2
Let c(m) = 27*m**3 - 7*m**2 - 4*m + 3. Determine c(-1).
-27
Let z(f) = 5*f**2 - 41*f + 4. Calculate z(7).
-38
Let r(h) = -h**3 - 64*h**2 + 10*h + 628. Give r(-64).
-12
Let o(g) = g**2 - 41*g + 663. What is o(25)?
263
Let w(z) = 3*z**3 + 21*z**2 + 26*z + 13. Calculate w(-7).
-169
Let f(r) = 101*r + 422. Calculate f(-4).
18
Let q(y) = 2*y**3 + 6*y**2 - 7*y - 52. What is q(-4)?
-56
Let i(f) = -14*f + 407. Give i(29).
1
Let g(d) = -30*d - 724. Calculate g(-31).
206
Let x(o) = -o + 33. Give x(5).
28
Let o(f) = 2*f**2 - 27*f - 123. Give o(11).
-178
Let r(y) = 1293*y + 19410. Calculate r(-15).
15
Let d(a) = -a**3 - 11*a**2 - 102*a - 1376. Determine d(-12).
-8
Let r(f) = 19*f**3 - 112*f**2 + 122*f - 9. Give r(1).
20
Let w(j) = -148*j - 1790. Give w(-12).
-14
Let c(k) = 41*k - 406. What is c(10)?
4
Let g(q) = -2*q**3 - 4*q**2 + 26*q + 29. Calculate g(-6).
161
Let c(f) = -90*f - 1185. Give c(-13).
-15
Let q(w) = -w**2 + 147*w + 906. Determine q(-6).
-12
Let m(t) = -2*t**3 + 10*t**2 - 26*t + 126. Give m(5).
-4
Let w(n) = 10*n**2 + 4*n + 7. Calculate w(-3).
85
Let r(g) = 3*g**3 + 56*g**2 - 22*g - 172. Give r(-19).
-115
Let p(o) = -1016*o - 16206. Give p(-16).
50
Let l(z) = 198*z + 6131. Determine l(-31).
-7
Let l(v) = 34*v - 233. Determine l(10).
107
Let c(r) = 7*r**2 - 538*r - 539. Give c(-1).
6
Let o(r) = -2*r**3 + 10*r**2 + 13*r + 13. Calculate o(7).
-92
Let y(i) = 323*i - 1294. Give y(4).
-2
Let c(b) = -b**3 + 296*b**2 - 290*b - 1469. Give c(295).
6
Let l(p) = p**3 - p**2 + 11*p + 159. Calculate l(0).
159
Let r(t) = -2*t**2 + 20*t + 27. Determine r(7).
69
Let x(q) = -1969*q - 7852. Give x(-4).
24
Let t(p) = p**3 + 8*p**2 + 3*p + 31. Give t(-8).
7
Let j(k) = -882*k + 5299. Give j(6).
7
Let o(y) = 904*y - 9044. Calculate o(10).
-4
Let d(b) = -6*b**3 + 15*b**2 - 47*b - 45. What is d(5)?
-655
Let v(f) = 2*f**3 + 529*f**2 - 790*f + 2125. Determine v(-266).
-3
Let d(s) = 11*s - 381. Give d(37).
26
Let w(t) = -239*t + 31067. Calculate w(130).
-3
Let l(b) = b**3 - 21*b**2 + 4*b + 265. Calculate l(20).
-55
Let t(w) = -45*w**2 - 570*w + 209. Determine t(-13).
14
Let p(t) = t**3 - 20*t**2 + 30*t + 76. Give p(18).
-32
Let b(h) = h**3 + 11*h**2 - 6*h + 21. Determine b(-10).
181
Let a(k) = 992*k - 99. What is a(1)?
893
Let i(v) = -v**2 - 15*v + 140. Determine i(7).
-14
Let x(q) = q**3 - 12*q**2 + 33*q - 36. Determine x(9).
18
Let u(c) = 18*c - 1444. Determine u(83).
50
Let m(r) = -66*r + 858. Determine m(16).
-198
Let a(i) = 75*i + 1965. Calculate a(-24).
165
Let q(y) = 21*y**2 + 682*y + 46. What is q(-32)?
-274
Let s(l) = -13*l - 85. What is s(-5)?
-20
Let g(a) = -a**3 + 8*a**2 + 84*a + 145. What is g(-4)?
1
Let q(v) = -v**3 - 9*v**2 - 23*v - 32. Determine q(-4).
-20
Let a(x) = -35*x**2 - 981*x - 31. What is a(-28)?
-3
Let c(k) = -k**3 - 24*k**2 - 86*k - 26. Determine c(-19).
-197
Let j(s) = 532*s - 38826. Calculate j(73).
10
Let g(z) = 3585*z - 21505. What is g(6)?
5
Let m(n) = -n**3 + 8*n**2 + 5*n + 34. Give m(10).
-116
Let t(p) = -407*p + 2886. Determine t(7).
37
Let p(v) = -v**3 + 11*v**2 - 8*v + 28. Determine p(8).
156
Let o(y) = -14*y - 9. Calculate o(1).
-23
Let u(f) = 2*f**3 + 6*f**2 - 42*f + 6. What is u(-6)?
42
Let b(q) = 9537*q + 66744. Determine b(-7).
-15
Let i(y) = 196*y + 3721. Give i(-19).
-3
Let h(m) = -6*m + 435. Determine h(65).
45
Let q(m) = -m**3 - 3*m**2 + 55*m - 143. Determine q(3).
-32
Let r(y) = 116*y - 517. What is r(4)?
-53
Let s(j) = -51*j + 509. What is s(12)?
-103
Let c(x) = 18*x**2 + 177*x - 80. Calculate c(-9).
-215
Let i(o) = -o**2 - 23*o - 223. What is i(-27)?
-331
Let b(c) = 126*c - 68. Calculate b(2).
184
Let d(t) = 149*t - 918. What is d(6)?
-24
Let l(u) = -u**3 - 8*u**2 + 6*u - 38. What is l(-9)?
-11
Let v(u) = -2*u**3 - 9*u**2 - 8*u + 14. Calculate v(-5).
79
Let b(w) = -w**2 - 30*w + 204. Determine b(6).
-12
Let c(k) = -2277*k - 6880. What is c(-3)?
-49
Let c(t) = 1625*t + 27558. What is c(-17)?
-67
Let n(t) = -t**3 - 39*t**2 - 153*t - 315. What is n(-35)?
140
Let y(z) = 5*z**2 + 126*z + 433. Give y(-4).
9
Let s(x) = -9*x**2 - 53*x + 18. What is s(-6)?
12
Let a(f) = 3*f**2 - 35*f - 428. What is a(-7)?
-36
Let l(x) = -x**3 - 116*x**2 + 241*x + 616. What is l(-118)?
26
Let w(t) = t**3 - 17*t**2 - 21*t + 26. What is w(18)?
-28
Let s(o) = 2*o**3 + 18*o**2 + 9*o + 64. Determine s(-6).
226
Let g(q) = 7*q**2 - 116*q - 2. Calculate g(17).
49
Let k(h) = 10*h**2 + 3*h - 2. What is k(-2)?
32
Let d(n) = -n**3 + 18*n**2 - 21*n + 44. Determine d(17).
-24
Let i(h) = 2*h**3 - 11*h**2 + 14*h - 73. What is i(5)?
-28
Let t(i) = i**3 - 17*i**2 - 34*i + 41. Determine t(18).
-247
Let u(b) = 10614*b - 212283. Determine u(20).
-3
Let n(o) = o**3 - 121*o**2 + 958*o + 458. Determine n(9).
8
Let y(c) = 2*c**2 + 20*c - 42. What is y(-10)?
-42
Let a(w) = -25*w**2 + 135*w + 17. What is a(5)?
67
Let h(j) = 2*j**2 + 80*j - 262. What is h(-43)?
-4
Let l(y) = y**3 - 40*y**2 - 1045*y + 56. Determine l(58).
-2
Let p(t) = -68*t**2 + 1716*t - 392. Calculate p(25).
8
Let a(r) = -4*r**3 - 28*r**2 + 2*r + 25. Calculate a(-7).
11
Let x(z) = -238*z + 2871. Determine x(12).
15
Let g(w) = 11*w**2 + 954*w + 72. Determine g(-87).
333
Let c(r) = -r**3 + 2*r**2 + 53*r - 225. Calculate c(6).
-51
Let j(d) = -5*d**3 - 2*d**2 - 28*d + 30. Calculate j(1).
-5
Let u(i) = 88*i + 38. Calculate u(1).
126
Let r(l) = -l**3 + 76*l**2 + 1060*l + 39. What is r(-12)?
-9
Let i(z) = z**2 - 32*z - 299. Determine i(-7).
-26
Let o(x) = -2*x**2 - 24*x - 144. Determine o(-18).
-360
Let n(v) = v**2 - 450*v - 2724. Give n(-6).
12
Let z(a) = 5943*a - 196123. What is z(33)?
-4
Let i(b) = 25*b**2 - 206*b + 23. What is i(8)?
-25
Let w(g) = g**3 + 10*g**2 + 745*g + 6600. What is w(-9)?
-24
Let q(r) = 86*r - 109. Give q(4).
235
Let t(g) = -g**3 + 18*g**2 - 61*g + 70. Calculate t(9).
250
Let x(l) = 465*l - 2331. What is x(5)?
-6
Let u(m) = -2*m**2 - 132*m - 366. Give u(-63).
12
Let a(w) = -w**3 + 180*w**2 + 3*w - 310. Determine a(180).
230
Let v(b) = 182*b + 14570. Determine v(-80).
10
Let o(z) = 17*z**2 - 3*z - 6. Give o(2).
56
Let m(u) = u**3 + 50*u**2 + 11*u - 1864. Determine m(-49).
-2
Let p(m) = 361*m - 1100. What is p(3)?
-17
Let j(x) = 2*x**2 + 22*x + 40. Calculate j(-16).
200
Let y(z) = z**3 - 12*z**2 - 32*z - 23. What is y(13)?
-270
Let k(i) = -i**3 + 54*i**2 + 61*i - 394. Calculate k(55).
-64
Let n(q) = 2*q**2 + 5*q - 134. Calculate n(7).
-1
Let x(u) = u**3 - 26*u**2 + 152*u + 216. Calculate x(14).
-8
Let m(x) = -x**3 + 52*x**2 + 140*x - 7270. Give m(52).
10
Let o(b) = -3*b**2 - 28*b + 4. Calculate o(-9).
13
Let k(s) = s**3 - 36*s**2 + 305*s + 53. Give k(14).
11
Let r(a) = -a**2 + 47*a + 269. Give r(-12).
-439
Let s(y) = 16*y**2 - 41*y + 165. Determine s(6).
495
Let r(o) = 15*o + 824. Calculate r(-70).
-226
Let m(s) = -s**3 - 63*s**2 - 57*s + 88. Calculate m(-62).
-222
Let b(a) = -a**2 + 180*a - 7615. Calculate